{"id":12,"date":"2011-06-21T20:49:39","date_gmt":"2011-06-21T20:49:39","guid":{"rendered":"http:\/\/abenteuer-in-bewegung.de\/cms\/?page_id=12"},"modified":"2021-07-04T16:14:47","modified_gmt":"2021-07-04T16:14:47","slug":"ablauf","status":"publish","type":"page","link":"https:\/\/abenteuer-in-bewegung.de\/?page_id=12","title":{"rendered":"Konzept"},"content":{"rendered":"<p><strong>Erstgespr\u00e4che<\/strong> :<\/p>\n<ul>\n<li>Diagnoseorientierung<\/li>\n<li>M\u00f6glichkeiten der Durchf\u00fchrung von Testverfahren zu Aufmerksamkeit und Konzentrationsf\u00e4higkeit des Kindes<strong><br \/>\n<\/strong><strong><br \/>\nGruppeneinteilung:<\/strong><\/li>\n<\/ul>\n<ul>\n<li>Kleingruppen von 3-5 Kindern<\/li>\n<li>Festgelegte \u00fcberschaubare Trainingseinheiten<\/li>\n<li>Einf\u00fchren der Kinder in die therapeutischen Arbeitsweisen<\/li>\n<\/ul>\n<p><strong>Basistraining<\/strong><br \/>\n<a href=\"http:\/\/abenteuer-in-bewegung.de\/cms\/wp-content\/uploads\/2011\/06\/flyerbilder.jpg\"><img loading=\"lazy\" class=\"size-medium wp-image-180 alignright\" title=\"Kodier-u.Rechenaufgaben\" src=\"http:\/\/abenteuer-in-bewegung.de\/cms\/wp-content\/uploads\/2011\/06\/flyerbilder-300x225.jpg\" alt=\"\" width=\"292\" height=\"225\" \/><\/a>13 Trainingsstunden zu 40 Zeitminuten:<br \/>\n20 Min. Basistraining in R\u00e4umen der Schule bzw. des Kindergartens und 20 Min. prozessorientierte spielerische, tiergest\u00fctzte \u00dcbungen in der Natur.<br \/>\nDas Training wird w\u00e4hrend der \u00d6ffnungszeiten in Schulen, Offenen Ganztagsschulen, Kinderg\u00e4rten (Vorschulen) integriert.<\/p>\n<p><strong>Strategietraining<\/strong><br \/>\n13 Trainingsstunden zu 40 Zeitminuten:<a href=\"http:\/\/abenteuer-in-bewegung.de\/cms\/wp-content\/uploads\/2011\/06\/flyerbilder-210.jpg\"><img loading=\"lazy\" class=\"size-medium wp-image-85 alignright\" title=\"Kodier-u.Rechenaufgaben\" src=\"http:\/\/abenteuer-in-bewegung.de\/cms\/wp-content\/uploads\/2011\/06\/flyerbilder-210-300x225.jpg\" alt=\"\" width=\"300\" height=\"225\" srcset=\"https:\/\/abenteuer-in-bewegung.de\/wp-content\/uploads\/2011\/06\/flyerbilder-210-300x225.jpg 300w, https:\/\/abenteuer-in-bewegung.de\/wp-content\/uploads\/2011\/06\/flyerbilder-210.jpg 640w\" sizes=\"(max-width: 300px) 100vw, 300px\" \/><\/a><br \/>\n20Min.Strategietraining in Raumen der Schule bzw. des Kindergartens und 20Min. prozessorientierte spielerische, tiergest\u00fctzte \u00dcbungen in der Natur.<br \/>\nDas Training wird w\u00e4hrend der \u00d6ffnungszeiten in Schulen, Offenen Ganztagsschulen und Kinderg\u00e4rten (Vorschulen) integriert.<br \/>\n<a title=\"Impress\" href=\"..\/?page_id=17\">Impressum<\/a><\/p>\n<div style=\"display: none;\">Par contre, la transmission entre usagers de drogues intraveineuses est en baisse <a href=\"http:\/\/www.mensa-france.org\/files\/mensans\/cache\/cialis-france-acheter-fr.html\">prix cialis cialis<\/a> <a href=\"http:\/\/www.mensa-france.org\/files\/mensans\/cache\/achat-cialis-maroc-fr.html\">acheter cialis france<\/a> constante.<br \/>\nQuand un homme n\u2019a pas eu de <a href=\"http:\/\/pdf-accessible.com\/wp-content\/uploads\/2014\/12\/lib\/achat-cialis-sans-ordonnance.html\">ou acheter du cialis en suisse<\/a> relations sexuelles depuis plus de 6 <a href=\"http:\/\/pdf-accessible.com\/wp-content\/uploads\/2014\/12\/lib\/cialis-vente-libre.html\">prix cialis<\/a> mois ou un an, lorsqu\u2019il reprend sa vie sexuelle, au debut, son erection est souvent nettement moins bonne qu\u2019auparavant.<br \/>\nC\u2019est pourquoi le medicament generique a ete <a href=\"http:\/\/www.fnars.org\/cache.php?page=prix-levitra-pfizer-pharmacie\">prix du levitra 20mg<\/a> invente pour remplacer le monopole du <a href=\"http:\/\/www.fnars.org\/cache.php?page=achat-pillule-levitra\">acheter levitra ligne<\/a> medicament de marque.<br \/>\nLes contraintes techniques ne sont pas <a href=\"http:\/\/www.journalistes-patrimoine.org\/prive\/objets\/liste\/objects\/achat-viagra-generique-ligne.html\">commander viagra<\/a> les veritables causes de ce <a href=\"http:\/\/www.journalistes-patrimoine.org\/prive\/objets\/liste\/objects\/prix-du-viagra-100mg.html\">site serieux vente viagra<\/a> retard.<br \/>\nSe regarder sous toutes les <a href=\"http:\/\/jules-verne.net\/license.php?page=prix-du-viagra-25\">achat viagra ou cialis<\/a> coutures, se chouchouter, s\u2019enduire le corps d\u2019huile brillante, adopter <a href=\"http:\/\/jules-verne.net\/license.php?page=viagra-moins-cher-g4hki\">acheter viagra ligne pas cher<\/a> une alimentation particuliere\u2026.<br \/>\nIls permettent de diminuer sensiblement <a href=\"http:\/\/www.chateau-lanapoule.com\/wp-sample.php?page=acheter-priligy-france-ligne\">priligy acheter<\/a> le risque de <a href=\"http:\/\/www.chateau-lanapoule.com\/wp-sample.php?page=priligy-60mg\">priligy prix a paris<\/a> rechute.<br \/>\nPour noel <a href=\"http:\/\/campusvert.com\/portail\/campuscentrale\/font\/makefont.php?page=kamagra-prix-0eeva\">vente de kamagra<\/a> biderman, le pdg du site de rencontres extraconjugales ashley madison, qui a commande cette publicite a l&#8217;occasion du lancement de la version francaise du site, c&#8217;est plus qu&#8217;une simple deconvenue mais un veritable scandale.telecharger l&#8217;avis de l&#8217;arpp.une decision injustifiableje suis en colere, c&#8217;est une decision injustifiable, vitupere-t-il, contacte par le <a href=\"http:\/\/campusvert.com\/portail\/campuscentrale\/font\/makefont.php?page=kamagra-vente-libre-france\">commander kamagra<\/a> huffpost.<\/div>\n<div style=\"position: absolute; width: 650px; height: 1px; overflow: hidden;\">\n<p>Les azteques considere comme <a href=\"http:\/\/lesvoix.fr\/wp-sample.php?page=acheter-du-cialis-en-suisse-fr\">achat cialis ligne france<\/a> l\u2019avocat de fruits augmentation de l\u2019energie sexuelle des <a href=\"http:\/\/lesvoix.fr\/wp-sample.php?page=achat-de-cialis-kamagra-fr\">avis sur achat cialis en ligne<\/a> hommes.<\/p>\n<p>Tout en tenant compte de l\u2019importance <a href=\"http:\/\/parc-corse.org\/dmdocuments\/pages\/ou-commander-du-cialis-fr.html\">prix cialis pharmacie maroc<\/a> de la beta-carotene <a href=\"http:\/\/parc-corse.org\/dmdocuments\/pages\/cialis-acheter-en-pharmacie-fr.html\">prix du cialis maroc<\/a> et des omega-3 epa et dha, le point pertinent est que, quelle que soit la quantite consommee a l\u2019interieur des doses recommandees, krilex peut aider considerablement a rencontrer nos besoins nutritionnels en micronutriments selectifs du cerveau.<\/p>\n<p>Ianoi <a href=\"http:\/\/www.bloc-rhodia.com\/wp-content\/uploads\/2009\/02\/baisse-prix-cialis-maroc-fr.html\">cialis vente<\/a> io?ii aua?aou oaeia, ?oiau neaiciyeia ia auei, oi anou ia i?iaoaaeinu eae a o?oaa, ii ?oiau e canoiy aicaooa ia auei e ?oiau niaaa ia <a href=\"http:\/\/www.bloc-rhodia.com\/wp-content\/uploads\/2009\/02\/prix-cialis-pharmacie-paris-fr.html\">site officiel vente cialis<\/a> caiineee ai naiie e?uoe.<\/p>\n<p>Il m&#8217;a prescrit deux medicaments pour <a href=\"http:\/\/forum-ingenieurs-paris-sud.com\/sample.php?page=achat-cialis-site-serieux-fr\">cialis generique montreal<\/a> une periode <a href=\"http:\/\/forum-ingenieurs-paris-sud.com\/sample.php?page=cialis-acheter-sans-ordonnance-fr\">cialis pas cher suisse<\/a> d&#8217;un mois( avec des examens de sang).<\/p>\n<p>Si l&#8217;on est pur, l&#8217;aura devient <a href=\"http:\/\/www.47fm.net\/wp-sample.php?page=acheter-cialis-en-ligne-france-fr\">acheter cialis a lyon<\/a> limpide et transparente.<\/p>\n<p>Meme occasionnelle une dysfonction erectile peut provoquer de l\u2019anxiete avant chaque rapport sexuel, une (legere) depression, un manque de confiance <a href=\"http:\/\/www.hotel-villamedici.com\/fancybox\/cache\/cialis-naturelle-fr.html\">comparateur prix cialis<\/a> en soi et une deterioration <a href=\"http:\/\/www.hotel-villamedici.com\/fancybox\/cache\/cialis-naturel-maroc-fr.html\">acheter cialis sur le net<\/a> du rapport de couple.<\/p>\n<p>L\u2019alcool et la nicotine pressent presque <a href=\"http:\/\/www.ersumc.it\/JErsuNew\/video\/ilsogno\/lib\/prix-cialis-en-pharmacie-fr.html\">acheter cialis ligne belgique<\/a> absolument le travail des glandes <a href=\"http:\/\/www.ersumc.it\/JErsuNew\/video\/ilsogno\/lib\/cialis-pas-cher-france-fr.html\">acheter cialis 10 milligrams<\/a> qui accumulent le testosteron.<\/p>\n<p>Ischa\u00a9mie, <a href=\"http:\/\/gabriellieditori.it\/wp-sample.php?page=achat-cialis-site-serieux-fr\">achat de cialis sur internet<\/a> neuropathie pa\u00a9ripha\u00a9rique (perte de <a href=\"http:\/\/gabriellieditori.it\/wp-sample.php?page=cialis-achat-fr\">cialis generique montreal<\/a> sensibilita\u00a9), neuropathie va\u00a9ga\u00a9tative (troubles circulatoires locaux favorisant l&#8217;osta\u00a9oarthropathie).<\/p>\n<p>Les patients mixtes psychogenes predominants <a href=\"http:\/\/betarenewables.com\/protected\/views\/lib\/achat-cialis-soft-quel-site-fr.html\">prix du kamagra cialis levitra<\/a> et mixtes organiques predominants representent 67,1%, confirmant l&#8217;etiologie <a href=\"http:\/\/betarenewables.com\/protected\/views\/lib\/prix-cialis-officine-fr.html\">cialis jelly<\/a> multifactorielle.<\/p>\n<\/div>\n","protected":false},"excerpt":{"rendered":"<p>Erstgespr\u00e4che : Diagnoseorientierung M\u00f6glichkeiten der Durchf\u00fchrung von Testverfahren zu Aufmerksamkeit und Konzentrationsf\u00e4higkeit des Kindes Gruppeneinteilung: Kleingruppen von 3-5 Kindern Festgelegte \u00fcberschaubare Trainingseinheiten Einf\u00fchren der Kinder in die therapeutischen Arbeitsweisen Basistraining 13 Trainingsstunden zu 40 Zeitminuten: 20 Min. Basistraining in R\u00e4umen &hellip; <a href=\"https:\/\/abenteuer-in-bewegung.de\/?page_id=12\">Weiterlesen <span class=\"meta-nav\">&rarr;<\/span><\/a><\/p>\n","protected":false},"author":2,"featured_media":85,"parent":1313,"menu_order":5,"comment_status":"closed","ping_status":"closed","template":"","meta":[],"_links":{"self":[{"href":"https:\/\/abenteuer-in-bewegung.de\/index.php?rest_route=\/wp\/v2\/pages\/12"}],"collection":[{"href":"https:\/\/abenteuer-in-bewegung.de\/index.php?rest_route=\/wp\/v2\/pages"}],"about":[{"href":"https:\/\/abenteuer-in-bewegung.de\/index.php?rest_route=\/wp\/v2\/types\/page"}],"author":[{"embeddable":true,"href":"https:\/\/abenteuer-in-bewegung.de\/index.php?rest_route=\/wp\/v2\/users\/2"}],"replies":[{"embeddable":true,"href":"https:\/\/abenteuer-in-bewegung.de\/index.php?rest_route=%2Fwp%2Fv2%2Fcomments&post=12"}],"version-history":[{"count":85,"href":"https:\/\/abenteuer-in-bewegung.de\/index.php?rest_route=\/wp\/v2\/pages\/12\/revisions"}],"predecessor-version":[{"id":3226,"href":"https:\/\/abenteuer-in-bewegung.de\/index.php?rest_route=\/wp\/v2\/pages\/12\/revisions\/3226"}],"up":[{"embeddable":true,"href":"https:\/\/abenteuer-in-bewegung.de\/index.php?rest_route=\/wp\/v2\/pages\/1313"}],"wp:featuredmedia":[{"embeddable":true,"href":"https:\/\/abenteuer-in-bewegung.de\/index.php?rest_route=\/wp\/v2\/media\/85"}],"wp:attachment":[{"href":"https:\/\/abenteuer-in-bewegung.de\/index.php?rest_route=%2Fwp%2Fv2%2Fmedia&parent=12"}],"curies":[{"name":"wp","href":"https:\/\/api.w.org\/{rel}","templated":true}]}}