{"id":1313,"date":"2013-04-11T20:17:05","date_gmt":"2013-04-11T20:17:05","guid":{"rendered":"http:\/\/abenteuer-in-bewegung.de\/?page_id=1313"},"modified":"2021-07-04T15:12:43","modified_gmt":"2021-07-04T15:12:43","slug":"aufmerksamkeitstraining","status":"publish","type":"page","link":"https:\/\/abenteuer-in-bewegung.de\/?page_id=1313","title":{"rendered":"AD(H)S &#8211; Das Aufmerksamkeitstraining mit tiergest\u00fctzter P\u00e4dagogik"},"content":{"rendered":"<div>\u00a0<\/div>\n<div><strong>Aufmerksamkeitsst\u00f6rungen<\/strong> stellen derzeit ein Problem mit weitreichenden individuellen sowie gesundheits- und schulpolitischen Auswirkungen da.<br \/>Da <strong>ADS\/ADHS <\/strong>in unterschiedlichen Schweregraden ausgepr\u00e4gt seien kann, ist bei den betroffenen Kindern f\u00fcr den weiteren Schul- und Lebenslauf die Vermittlung von klaren Strukturen (<strong>Lern- Arbeits- und Sozialverhalten<\/strong>) von gro\u00dfer Wichtigkeit. Das erlernen und verinnerlichen von Strukturen bringt die ADS\/ADHS Kinder aber schnell an ihre Grenzen. Gerade hier kann sich bei ADS\/ADHS Kindern Vermeidungsverhalten, motorische <strong>Unruhe<\/strong>, aggressives und provokantes Verhalten durch <strong>Versagens\u00e4ngste <\/strong>zeigen.\n<p>\u00a0<\/p>\n<\/div>\n<div><a href=\"http:\/\/abenteuer-in-bewegung.de\/wp-content\/uploads\/2013\/09\/ADS-SchneckenIGEL-1401.jpg\"><img loading=\"lazy\" class=\"alignleft size-medium wp-image-1603\" src=\"http:\/\/abenteuer-in-bewegung.de\/wp-content\/uploads\/2013\/09\/ADS-SchneckenIGEL-1401-225x300.jpg\" alt=\"ADS Schnecken,IGEL 140\" width=\"225\" height=\"300\" srcset=\"https:\/\/abenteuer-in-bewegung.de\/wp-content\/uploads\/2013\/09\/ADS-SchneckenIGEL-1401-225x300.jpg 225w, https:\/\/abenteuer-in-bewegung.de\/wp-content\/uploads\/2013\/09\/ADS-SchneckenIGEL-1401-768x1024.jpg 768w\" sizes=\"(max-width: 225px) 100vw, 225px\" \/><\/a>Das <strong>Fehlen von sozial zuverl\u00e4ssigen Kontakten<\/strong> zu anderen Kindern, sei es im Kindergarten\u00a0 oder in\u00a0 der Schule resultiert\u00a0 oft\u00a0 aus diesen\u00a0 Verhaltensmustern.\u00a0 Der <strong>Bewegungsdrang<\/strong> der Kinder ist in der Schule klaren Grenzen unterlegen und kann<br \/>sich nur auf die Sportstunden und Pausen beziehen. Die <strong>Therapiestunden<\/strong> sind oft auf den <strong>sp\u00e4ten Nachmittag<\/strong> gelegt, also nach der Schule oder nach dem Kindergarten. Auch hier werden \u00dcbungen und klare Strukturen am Schreibtisch vermittelt,<br \/>ruhiges Sitzen und Konzentration sind erw\u00fcnscht.<br \/>Das hei\u00dft, freies Spiel wie <strong>Rennen, Toben<\/strong> und laut sein, d\u00fcrfen verst\u00e4ndlicher Weise im Unterricht und w\u00e4hrend der Therapie nicht statt finden. Zu Hause ist nicht mehr viel Zeit um ,,<strong>raus zu gehen<\/strong>\u201c.<\/div>\n<div>Die Schulkinder einer Klasse wohnen auch nicht mehr in der gleichen Stra\u00dfe oder im selben Ort. Ohne zeitlich klar definierte<strong> Verabredungen <\/strong>finden Treffen in der Natur selten statt.<\/div>\n<div>Da bleibt nur noch der<strong> Fernseher <\/strong>oder der <strong>Computer<\/strong>. Der zeigt den Kindern viele schnelle visuelle Bilder der Bewegung und lenkt sie so Stunden von ihrem wirklichen Bed\u00fcrfnis &#8211;<strong> sich k\u00f6rperlich und geistig zu bewegen <\/strong>&#8211; ab.<\/div>\n<div>Eine bequeme aber gef\u00e4hrliche Ablenkung, die vor allem bei ADS\/ADHS Kindern und Jugendlichen schleichend zur Isolation und zur Verst\u00e4rkung der Lern-, Arbeits- und Sozialproblematik f\u00fchrt.<\/div>\n<div>\u00a0<\/div>\n<div>\u00a0<\/div>\n<div>\u00a0<\/div>\n<div><strong>Tiergest\u00fctzte Aktivit\u00e4ten<br \/><\/strong><br \/>Die Begleittiere lehren ein Paradoxon.<br \/>Sie machen den Kindern klar, dass sich Hunger nach Liebe, Aufmerksamkeit und <strong>F\u00fcrsorge <\/strong>ein St\u00fcck weit stillen l\u00e4sst, wenn es gelingt selbst\u00a0 f\u00fcrsorglich zu sein.<\/div>\n<div>Der Scham der Tiere macht es schwer, nicht die Hand\u00a0 auszustrecken.<\/div>\n<div>\u00a0<\/div>\n<div><a href=\"http:\/\/abenteuer-in-bewegung.de\/wp-content\/uploads\/2014\/07\/kinder-u.-EMMI-009.jpg\"><img loading=\"lazy\" class=\"alignleft size-medium wp-image-2290\" src=\"http:\/\/abenteuer-in-bewegung.de\/wp-content\/uploads\/2014\/07\/kinder-u.-EMMI-009-225x300.jpg\" alt=\"kinder u. EMMI 009\" width=\"225\" height=\"300\" srcset=\"https:\/\/abenteuer-in-bewegung.de\/wp-content\/uploads\/2014\/07\/kinder-u.-EMMI-009-225x300.jpg 225w, https:\/\/abenteuer-in-bewegung.de\/wp-content\/uploads\/2014\/07\/kinder-u.-EMMI-009-768x1024.jpg 768w\" sizes=\"(max-width: 225px) 100vw, 225px\" \/><\/a><a href=\"http:\/\/abenteuer-in-bewegung.de\/wp-content\/uploads\/2014\/07\/kinder-u.-EMMI-046.jpg\"><img loading=\"lazy\" class=\"alignleft size-medium wp-image-2289\" src=\"http:\/\/abenteuer-in-bewegung.de\/wp-content\/uploads\/2014\/07\/kinder-u.-EMMI-046-300x225.jpg\" alt=\"kinder u. EMMI 046\" width=\"300\" height=\"225\" srcset=\"https:\/\/abenteuer-in-bewegung.de\/wp-content\/uploads\/2014\/07\/kinder-u.-EMMI-046-300x225.jpg 300w, https:\/\/abenteuer-in-bewegung.de\/wp-content\/uploads\/2014\/07\/kinder-u.-EMMI-046-1024x768.jpg 1024w\" sizes=\"(max-width: 300px) 100vw, 300px\" \/><\/a>\n<p>\u00a0<\/p>\n<\/div>\n<div>\u00a0<\/div>\n<div>\u00a0<\/div>\n<div>\u00a0<\/div>\n<div>\u00a0<\/div>\n<div>\u00a0<\/div>\n<div>\u00a0<\/div>\n<div>\u00a0<\/div>\n<div>\u00a0<\/div>\n<div>\u00a0<\/div>\n<div>\u00a0<\/div>\n<div>\u00a0<\/div>\n<div>\u00a0<\/div>\n<div>\u00a0<\/div>\n<div>\u00a0<\/div>\n<div>\u00a0<\/div>\n<div>\u00a0<\/div>\n<div>\u00a0<\/div>\n<div>Ist das Band gekn\u00fcpft, darf und muss auch das Kind sich auf <strong>Kommunikation<\/strong>\u00a0auf Tierart einlassen, auf direkte und\u00a0eindeutige Signale.<\/div>\n<div>\u00a0<\/div>\n<div>\u00a0<\/div>\n<div><a href=\"http:\/\/abenteuer-in-bewegung.de\/wp-content\/uploads\/2011\/06\/samba-u.-schule-073.jpg\"><img loading=\"lazy\" title=\"Abenteuer in Bewegung: AD(H)S Kinder u. Samba\" src=\"http:\/\/abenteuer-in-bewegung.de\/wp-content\/uploads\/2011\/06\/samba-u.-schule-073-150x150.jpg\" alt=\"\" width=\"150\" height=\"150\" \/><\/a><a href=\"http:\/\/abenteuer-in-bewegung.de\/wp-content\/uploads\/2011\/06\/samba-u.-schule-050.jpg\"><img loading=\"lazy\" title=\"samba in der schule \" src=\"http:\/\/abenteuer-in-bewegung.de\/wp-content\/uploads\/2011\/06\/samba-u.-schule-050-150x150.jpg\" alt=\"\" width=\"150\" height=\"150\" \/><\/a><a href=\"http:\/\/abenteuer-in-bewegung.de\/wp-content\/uploads\/2011\/06\/samba-u.-schule-100.jpg\"><img loading=\"lazy\" title=\"Abenteuer in Bewegung:AD(H)S Kinder u. Samba\" src=\"http:\/\/abenteuer-in-bewegung.de\/wp-content\/uploads\/2011\/06\/samba-u.-schule-100-150x150.jpg\" alt=\"\" width=\"150\" height=\"150\" \/><\/a><a href=\"http:\/\/abenteuer-in-bewegung.de\/wp-content\/uploads\/2011\/06\/samba-u.-schule-018.jpg\"><img loading=\"lazy\" title=\"Abenteuer in Bewegung:AD(H)S Kinder u. Samba in der Schule\" src=\"http:\/\/abenteuer-in-bewegung.de\/wp-content\/uploads\/2011\/06\/samba-u.-schule-018-150x150.jpg\" alt=\"\" width=\"150\" height=\"150\" \/><\/a><a href=\"http:\/\/abenteuer-in-bewegung.de\/wp-content\/uploads\/2011\/06\/ADS-Immendorf-027.jpg\"><img loading=\"lazy\" class=\"alignleft\" title=\"ADS-Immendorf 027\" src=\"http:\/\/abenteuer-in-bewegung.de\/wp-content\/uploads\/2011\/06\/ADS-Immendorf-027-150x150.jpg\" alt=\"\" width=\"150\" height=\"150\" \/><\/a><\/div>\n<div>\u00a0<\/div>\n<div>In dieser \u201eanalogen\u201c Form der Verst\u00e4ndigung haben unausgesprochene Vorw\u00fcrfe, Verstellung, oder Spott keinen Platz \u2013 <strong>eine entlastende Erfahrung<\/strong>.\n<p>\u00a0<\/p>\n<h1>\u00a0<\/h1>\n<h1>Konzept<\/h1>\n<p><strong>Meine Zielsetzungen f\u00fcr Ihr Kind:<\/strong><\/p>\n<ul>\n<li>Neugierde und Lebensfreude wiederfinden<\/li>\n<li>Lernstrategien verinnerlichen<\/li>\n<li>Problemaufgaben (z.B. Hausaufgaben) selbstst\u00e4ndig bew\u00e4ltigen<\/li>\n<li>Adaquates Sozialverhalten erleben und umsetzen k\u00f6nnen<\/li>\n<li>Mehr Verst\u00e4ndnis und Sicherheiten in Beziehungen aufbauen<\/li>\n<\/ul>\n<p><strong><br \/><\/strong><br \/><img loading=\"lazy\" title=\"Verstarkerkontingenzen\" src=\"http:\/\/abenteuer-in-bewegung.de\/cms\/wp-content\/uploads\/2011\/06\/ads-florianstr-0673-300x225.jpg\" alt=\"\" width=\"300\" height=\"225\" \/><\/p>\n<div>\n<div>\n<div>\u00a0<\/div>\n<div>\n<div>\n<div id=\"wrapper\">\n<div id=\"main\">\n<div id=\"container\">\n<div id=\"content\">\n<div id=\"post-12\">\n<h1>KONZEPT und TRAINING<\/h1>\n<div><strong>Erstgespr\u00e4che <\/strong>mit Eltern und<br \/>wenn erw\u00fcnscht:\n<p>\u00a0<\/p>\n<ul>\n<li>Diagnoseorientierung<\/li>\n<li>M\u00f6glichkeiten der Durchf\u00fchrung von Testverfahren zu Aufmerksamkeit und Konzentrationsf\u00e4higkeit des Kindes<strong><br \/><\/strong><strong><br \/>Gruppeneinteilung<\/strong><\/li>\n<li>Kleingruppen von 3-5 Kindern<\/li>\n<li>Festgelegte \u00fcberschaubare Trainingseinheiten<\/li>\n<li>Einf\u00fchren der Kinder in die therapeutischen Arbeitsweisen<br \/><strong>Trainingseinheiten<\/strong><\/li>\n<li>20 Min. <strong>Basistraining \/Strategietraining<\/strong> im Therapieraum und<\/li>\n<li>20 Min. prozessorientierte spielerische,<\/li>\n<li>tiergest\u00fctzte \u00dcbungen in der Natur.<\/li>\n<\/ul>\n<p><strong>Basistraining\u00a0\u00a0\u00a0\u00a0\u00a0\u00a0\u00a0\u00a0\u00a0\u00a0\u00a0\u00a0\u00a0\u00a0\u00a0\u00a0\u00a0\u00a0\u00a0\u00a0\u00a0\u00a0\u00a0\u00a0\u00a0\u00a0\u00a0\u00a0\u00a0\u00a0\u00a0\u00a0\u00a0\u00a0\u00a0\u00a0\u00a0\u00a0\u00a0\u00a0\u00a0\u00a0\u00a0\u00a0\u00a0\u00a0\u00a0\u00a0\u00a0\u00a0 \u00a0 \u00a0 \u00a0\u00a0\u00a0 Strategietraining<br \/><\/strong><br \/><a href=\"http:\/\/abenteuer-in-bewegung.de\/wp-content\/uploads\/2012\/02\/DSC01337.jpg\"><img loading=\"lazy\" class=\"wp-image-919 alignnone\" src=\"http:\/\/abenteuer-in-bewegung.de\/wp-content\/uploads\/2012\/02\/DSC01337-300x225.jpg\" alt=\"DSC01337\" width=\"294\" height=\"221\" srcset=\"https:\/\/abenteuer-in-bewegung.de\/wp-content\/uploads\/2012\/02\/DSC01337-300x225.jpg 300w, https:\/\/abenteuer-in-bewegung.de\/wp-content\/uploads\/2012\/02\/DSC01337-1024x768.jpg 1024w\" sizes=\"(max-width: 294px) 100vw, 294px\" \/><\/a> <a href=\"http:\/\/abenteuer-in-bewegung.de\/cms\/wp-content\/uploads\/2011\/06\/flyerbilder.jpg\"><img loading=\"lazy\" title=\"Kodier-u.Rechenaufgaben\" src=\"http:\/\/abenteuer-in-bewegung.de\/cms\/wp-content\/uploads\/2011\/06\/flyerbilder-300x225.jpg\" alt=\"\" width=\"292\" height=\"225\" \/><\/a><br \/><strong><br \/><\/strong><\/p>\n<\/div>\n<\/div>\n<\/div>\n<\/div>\n<\/div>\n<\/div>\n<\/div>\n<\/div>\n<\/div>\n<\/div>\n<\/div>\n\n\n<p><\/p>\n","protected":false},"excerpt":{"rendered":"<p>\u00a0 Aufmerksamkeitsst\u00f6rungen stellen derzeit ein Problem mit weitreichenden individuellen sowie gesundheits- und schulpolitischen Auswirkungen da.Da ADS\/ADHS in unterschiedlichen Schweregraden ausgepr\u00e4gt seien kann, ist bei den betroffenen Kindern f\u00fcr den weiteren Schul- und Lebenslauf die Vermittlung von klaren Strukturen (Lern- Arbeits- &hellip; <a href=\"https:\/\/abenteuer-in-bewegung.de\/?page_id=1313\">Weiterlesen <span class=\"meta-nav\">&rarr;<\/span><\/a><\/p>\n","protected":false},"author":2,"featured_media":0,"parent":0,"menu_order":0,"comment_status":"open","ping_status":"open","template":"","meta":[],"_links":{"self":[{"href":"https:\/\/abenteuer-in-bewegung.de\/index.php?rest_route=\/wp\/v2\/pages\/1313"}],"collection":[{"href":"https:\/\/abenteuer-in-bewegung.de\/index.php?rest_route=\/wp\/v2\/pages"}],"about":[{"href":"https:\/\/abenteuer-in-bewegung.de\/index.php?rest_route=\/wp\/v2\/types\/page"}],"author":[{"embeddable":true,"href":"https:\/\/abenteuer-in-bewegung.de\/index.php?rest_route=\/wp\/v2\/users\/2"}],"replies":[{"embeddable":true,"href":"https:\/\/abenteuer-in-bewegung.de\/index.php?rest_route=%2Fwp%2Fv2%2Fcomments&post=1313"}],"version-history":[{"count":89,"href":"https:\/\/abenteuer-in-bewegung.de\/index.php?rest_route=\/wp\/v2\/pages\/1313\/revisions"}],"predecessor-version":[{"id":3216,"href":"https:\/\/abenteuer-in-bewegung.de\/index.php?rest_route=\/wp\/v2\/pages\/1313\/revisions\/3216"}],"wp:attachment":[{"href":"https:\/\/abenteuer-in-bewegung.de\/index.php?rest_route=%2Fwp%2Fv2%2Fmedia&parent=1313"}],"curies":[{"name":"wp","href":"https:\/\/api.w.org\/{rel}","templated":true}]}}