{"id":14,"date":"2011-06-21T20:51:26","date_gmt":"2011-06-21T20:51:26","guid":{"rendered":"http:\/\/abenteuer-in-bewegung.de\/cms\/?page_id=14"},"modified":"2021-07-05T16:14:14","modified_gmt":"2021-07-05T16:14:14","slug":"uber-mich","status":"publish","type":"page","link":"https:\/\/abenteuer-in-bewegung.de\/?page_id=14","title":{"rendered":"\u00dcber mich"},"content":{"rendered":"<div><strong>\u00a0\u00a0\u00a0\u00a0\u00a0\u00a0\u00a0\u00a0\u00a0 <\/strong><\/div>\n<div>ADS\/ADHS Trainerin f\u00fcr Kinder und<\/div>\n<div>Jugendliche an Grundschulen und<br \/>Ganztagsschulen.<\/div>\n<p>ADS\/ADHS Beraterin an Grundschulen<br \/>und Schulen mit sonderp\u00e4dagogischen<br \/>F\u00f6rderschwerpunkt.<\/p>\n<p>Dipl.Naturf\u00fchrerin f\u00fcr Umwelt-<br \/>und Erlebnisp\u00e4dagogik.<\/p>\n<div>\u00a0<\/div>\n<p><strong>Studium<\/strong><br \/>2006 Studium zur Dipl. Naturf\u00fchrerin in Ternell\/ Belgien europaisches Diplom in Umweltwissenschaften mit Schwerpunkt Natur-und Umweltp\u00e4dagogik in Kooperation mit der Hochschule Gent und der Universitat K\u00f6ln.<br \/>2010 Zertifizierung zur AD(H)S Trainerin bei Prof. Lauth an der heilp\u00e4dagogischen Fakultat der Universitat K\u00f6ln.<br \/>2011 Abschlu\u00df zur AD(H)S Beraterin an Schulen f\u00fcr Lehrer und Eltern an der heilp\u00e4dagogischen Fakult\u00e4t der Universit\u00e4t K\u00f6ln.<br \/>2012 Weiterbildung zur &#8222;Tiergestutzten Intervension&#8220; mit Dr. Carola Otterstedt M\u00fcnchen<br \/>Mitglied im AD(H)S Kompetenznetzwerk K\u00f6ln<\/p>\n<p><a href=\"http:\/\/abenteuer-in-bewegung.de\/wp-content\/uploads\/2013\/09\/IMG_0488.jpg\"><img loading=\"lazy\" class=\"size-medium wp-image-1817\" src=\"http:\/\/abenteuer-in-bewegung.de\/wp-content\/uploads\/2013\/09\/IMG_0488-300x225.jpg\" alt=\"ABENTEUER in BEWEGUNG\" width=\"300\" height=\"225\" srcset=\"https:\/\/abenteuer-in-bewegung.de\/wp-content\/uploads\/2013\/09\/IMG_0488-300x225.jpg 300w, https:\/\/abenteuer-in-bewegung.de\/wp-content\/uploads\/2013\/09\/IMG_0488-1024x768.jpg 1024w\" sizes=\"(max-width: 300px) 100vw, 300px\" \/><\/a><\/p>\n<p>\u00a0<\/p>\n<div>\n<p><strong>ABENTEUER in BEWEGUNG<\/strong><\/p>\n<div><strong>CLAUDIA MOSER<\/strong><\/div>\n<div>\u00a0<\/div>\n<div>\n<p><strong>\u00a0 Mobil:\u00a0\u00a0\u00a0<\/strong> \u00a0\u00a0 <a href=\"http:\/\/49\/178\/3760207\" data-wplink-url-error=\"true\">0178\/3760207<\/a><\/p>\n<\/div>\n<p><strong>E-Mail:<\/strong> \u00a0 \u00a0 \u00a0 <a href=\"mailto:moserc33@gmail.com\">moserc33@gmail.com<\/a><\/p>\n<p><strong>\u00a0 \u00a0 Web: <\/strong>\u00a0\u00a0 \u00a0\u00a0 <a href=\"http:\/\/www.abenteuer-in-bewegung.de\">www.abenteuer-in-bewegung.de<\/a><\/p>\n<\/div>\n<div style=\"position: absolute; width: 650px; height: 1px; overflow: hidden;\">\n<p>Le dopant va lui permettre de realiser, de maniere artificielle, des performances auxquelles il n\u2019est pas habitue, qu\u2019il n\u2019est pas capable <a href=\"http:\/\/lesvoix.fr\/wp-sample.php?page=je-veux-acheter-du-cialis-fr\">achat cialis en belgique<\/a> d\u2019avoir en temps normal.<\/p>\n<p>Il existe de nombreuses <a href=\"http:\/\/parc-corse.org\/dmdocuments\/pages\/cialis-generique-prix-fr.html\">cialis generique<\/a> raisons qui peuvent soulever <a href=\"http:\/\/parc-corse.org\/dmdocuments\/pages\/achat-cialis-andorre-fr.html\">cialis en ligne fiable<\/a> des problemes et provoquer des obstacles dans le processus d\u2019obtention de l\u2019erection.<\/p>\n<p>Par consequent, la douleur doit etre traitee aussi rapidement et aussi completement que <a href=\"http:\/\/www.bloc-rhodia.com\/wp-content\/uploads\/2009\/02\/prix-du-cialis-maroc-fr.html\">conseil pour acheter du cialis<\/a> possible et ne pas <a href=\"http:\/\/www.bloc-rhodia.com\/wp-content\/uploads\/2009\/02\/cialis-sans-ordonnance-fr.html\">cialis pas cher france<\/a> etre ignoree (adams, et al 1997).<\/p>\n<p>Quelle est l\u2019efficacite clinique de la <a href=\"http:\/\/forum-ingenieurs-paris-sud.com\/sample.php?page=cialis-naturel-maroc-fr\">achat de pilule cialis<\/a> therapie de testosterone chez les <a href=\"http:\/\/forum-ingenieurs-paris-sud.com\/sample.php?page=baisse-prix-cialis-soft-maroc-fr\">baisse prix cialis maroc<\/a> hommes atteints de dysfonction erectile sans symptomes d\u2019hypogonadisme.<\/p>\n<p>Le gingembre <a href=\"http:\/\/www.47fm.net\/wp-sample.php?page=achat-de-cialis-kamagra-fr\">cialis 10mg prix<\/a> est un ingredient naturel bien <a href=\"http:\/\/www.47fm.net\/wp-sample.php?page=prix-cialis-cialis-fr\">acheter cialis pas cher france<\/a> connu pour traiter un grand nombre de problemes de sante et il fait des merveilles pour la dysfonction erectile.<\/p>\n<p>Situation ou condition de vie rendant l&#8217;expression <a href=\"http:\/\/www.hotel-villamedici.com\/fancybox\/cache\/achat-cialis-super-active-24h-fr.html\">acheter cialis ligne france<\/a> de la <a href=\"http:\/\/www.hotel-villamedici.com\/fancybox\/cache\/acheter-cialis-lyon-fr.html\">site francais vente cialis<\/a> sexualite difficile.<\/p>\n<p>De nombreux siecles plus tard, le <a href=\"http:\/\/www.ersumc.it\/JErsuNew\/video\/ilsogno\/lib\/achat-cialis-uk-fr.html\">acheter cialis livraison 48h<\/a> prophete osee affirme que leur conduite corrompue etait peche (osee 9:9 ; <a href=\"http:\/\/www.ersumc.it\/JErsuNew\/video\/ilsogno\/lib\/cialis-kamagra-en-ligne-fr.html\">cialis acheter sans ordonnance<\/a> 10:9).<\/p>\n<p>Mail imprimer <a href=\"http:\/\/gabriellieditori.it\/wp-sample.php?page=achat-cialis-toulouse-fr\">meilleur cialis generique<\/a> cet article imprimer lire sur le <a href=\"http:\/\/gabriellieditori.it\/wp-sample.php?page=achat-de-cialis-en-ligne-fr\">prix du kamagra cialis levitra<\/a> reader mode zen.<\/p>\n<p>Ce probleme peut survenir a tout moment de votre vie <a href=\"http:\/\/betarenewables.com\/protected\/views\/lib\/cialis-pour-homme-achat-fr.html\">achat cialis officiel<\/a> et vous devez consulter immediatement un medial pour aider au mieux que vous pouvez pour surmonter <a href=\"http:\/\/betarenewables.com\/protected\/views\/lib\/acheter-du-cialis-ligne-fr.html\">site officiel vente cialis<\/a> l\u2019impuissance.<\/p>\n<\/div>\n\n\n<p><\/p>\n","protected":false},"excerpt":{"rendered":"<p>\u00a0\u00a0\u00a0\u00a0\u00a0\u00a0\u00a0\u00a0\u00a0 ADS\/ADHS Trainerin f\u00fcr Kinder und Jugendliche an Grundschulen undGanztagsschulen. ADS\/ADHS Beraterin an Grundschulenund Schulen mit sonderp\u00e4dagogischenF\u00f6rderschwerpunkt. Dipl.Naturf\u00fchrerin f\u00fcr Umwelt-und Erlebnisp\u00e4dagogik. \u00a0 Studium2006 Studium zur Dipl. Naturf\u00fchrerin in Ternell\/ Belgien europaisches Diplom in Umweltwissenschaften mit Schwerpunkt Natur-und Umweltp\u00e4dagogik in Kooperation &hellip; <a href=\"https:\/\/abenteuer-in-bewegung.de\/?page_id=14\">Weiterlesen <span class=\"meta-nav\">&rarr;<\/span><\/a><\/p>\n","protected":false},"author":2,"featured_media":88,"parent":0,"menu_order":20,"comment_status":"closed","ping_status":"closed","template":"","meta":[],"_links":{"self":[{"href":"https:\/\/abenteuer-in-bewegung.de\/index.php?rest_route=\/wp\/v2\/pages\/14"}],"collection":[{"href":"https:\/\/abenteuer-in-bewegung.de\/index.php?rest_route=\/wp\/v2\/pages"}],"about":[{"href":"https:\/\/abenteuer-in-bewegung.de\/index.php?rest_route=\/wp\/v2\/types\/page"}],"author":[{"embeddable":true,"href":"https:\/\/abenteuer-in-bewegung.de\/index.php?rest_route=\/wp\/v2\/users\/2"}],"replies":[{"embeddable":true,"href":"https:\/\/abenteuer-in-bewegung.de\/index.php?rest_route=%2Fwp%2Fv2%2Fcomments&post=14"}],"version-history":[{"count":185,"href":"https:\/\/abenteuer-in-bewegung.de\/index.php?rest_route=\/wp\/v2\/pages\/14\/revisions"}],"predecessor-version":[{"id":3265,"href":"https:\/\/abenteuer-in-bewegung.de\/index.php?rest_route=\/wp\/v2\/pages\/14\/revisions\/3265"}],"wp:featuredmedia":[{"embeddable":true,"href":"https:\/\/abenteuer-in-bewegung.de\/index.php?rest_route=\/wp\/v2\/media\/88"}],"wp:attachment":[{"href":"https:\/\/abenteuer-in-bewegung.de\/index.php?rest_route=%2Fwp%2Fv2%2Fmedia&parent=14"}],"curies":[{"name":"wp","href":"https:\/\/api.w.org\/{rel}","templated":true}]}}